 7?
-6625201
What is -93ecb (base 16) in base 2?
-10010011111011001011
What is -b2027 (base 14) in base 7?
-3432050
What is 10001100000101010111 (base 2) in base 6?
20144223
-2a301d (base 15) to base 7
-23204251
What is 50696 (base 11) in base 2?
10010000100110100
Convert -2443223213 (base 5) to base 14.
-abcbb4
4154203 (base 8) to base 4
10031202003
10227 (base 15) to base 6
1032344
-10632 (base 8) to base 10
-4506
-49b31 (base 14) to base 6
-3511531
-10001220120 (base 3) to base 2
-1110110000011001
Convert 66151 (base 8) to base 5.
1342003
What is 1270258 (base 13) in base 4?
112000220011
What is -52b40 (base 12) in base 5?
-11440033
What is 4711a (base 15) in base 2?
110111010001000111
What is 10011100011110010010 (base 2) in base 14?
1297d8
What is 81734 (base 12) in base 10?
168664
What is cde3 (base 16) in base 8?
146743
What is -265447 (base 11) in base 5?
-101322023
What is 15cd8b (base 14) in base 9?
1386058
Convert 1109758 (base 12) to base 5.
1313021234
What is 542510 (base 14) in base 15?
3b4361
What is 925835 (base 10) in base 6?
31502135
What is -121110121 (base 4) in base 14?
-29b17
What is -211011122122 (base 3) in base 5?
-102431133
What is -10010000100011010001 (base 2) in base 14?
-115ab7
Convert 66512 (base 9) to base 16.
ac7c
What is 8157317 (base 9) in base 16?
425b48
What is -1d0da19 (base 14) in base 5?
-12211341103
Convert -142320 (base 8) to base 6.
-1025132
-2454115 (base 10) to base 4
-21113021203
What is 32210504 (base 7) in base 8?
12353657
What is -25550355 (base 6) in base 11?
-523104
What is 15162 (base 9) in base 3?
112012002
Convert 1131203321 (base 5) to base 8.
11727015
Convert 619558 (base 10) to base 6.
21140154
101001000011101100101 (base 2) to base 7
14302252
63312 (base 10) to base 13
22a82
What is 168133 (base 14) in base 9?
1434337
13d8ce (base 15) to base 8
3515277
Convert -779763 (base 13) to base 14.
-5359b9
-177606 (base 11) to base 4
-1002302303
3530304 (base 7) to base 14
b7d04
Convert -333178 (base 10) to base 14.
-895c6
What is -26ca5b (base 13) in base 3?
-1202212021221
Convert 1000111100000010011101 (base 2) to base 11.
1360423
4a45a97 (base 11) to base 3
121111012222021
495c5 (base 14) to base 10
179513
What is 251534 (base 6) in base 14?
8278
What is -56118c (base 16) in base 7?
-65641602
What is -412b0e (base 16) in base 10?
-4270862
What is 1010111000101111100100 (base 2) in base 5?
1212310420
-6d235 (base 14) to base 13
-94473
What is 10101101000111001 (base 2) in base 12?
43361
Convert -1468991 (base 10) to base 12.
-5aa13b
1017042 (base 8) to base 4
1001320202
What is 2530803 (base 9) in base 6?
45313433
Convert 218312 (base 9) to base 10.
130745
What is -28187 (base 15) in base 6?
-2431214
Convert -4055a3 (base 11) to base 16.
-9f139
Convert 3451 (base 10) to base 11.
2658
What is 124040013 (base 5) in base 14?
11cdbd
What is -623712 (base 9) in base 10?
-370181
-b92ad (base 16) to base 6
-24131153
Convert 11313011010 (base 4) to base 11.
95a299
242323 (base 5) to base 2
10001110000000
Convert 12462c (base 16) to base 7.
13115403
-2533606 (base 10) to base 14
-49d47c
Convert 6307506 (base 8) to base 6.
55522554
168b02 (base 13) to base 6
20014144
10000001011101101110 (base 2) to base 4
2001131232
Convert -10000000111110011 (base 2) to base 15.
-14875
What is 41d9b3 (base 15) in base 7?
35432406
643010 (base 7) to base 10
111482
Convert 280768 (base 12) to base 2.
10100010010001000000
What is -118513 (base 9) in base 12?
-35703
What is -252e (base 16) in base 14?
-367c
What is -87511 (base 9) in base 5?
-3324011
What is 5834650 (base 9) in base 2?
1100000001101101010111
201200201 (base 3) to base 11
a871
Convert 161580 (base 10) to base 9.
265573
What is -100111011100100100 (base 2) in base 16?
-27724
Convert 3086d (base 14) to base 12.
577a9
What is -1a03583 (base 12) in base 5?
-2400332212
-31200403 (base 7) to base 14
-4c3803
83458 (base 11) to base 5
12343133
What is 33726 (base 9) in base 3?
1010210220
-11112020211120 (base 3) to base 4
-21023132211
-156969 (base 10) to base 13
-565a7
What is 54700 (base 13) in base 6?
3135144
Convert -2031103 (base 5) to base 10.
-33278
Convert 315403 (base 6) to base 3.
1022110110
What is 3421 (base 13) in base 3?
101000011
Convert -551200 (base 7) to base 5.
-11041411
Convert 21764613 (base 8) to base 6.
245002415
-6035543 (base 10) to base 3
-102100122012122
-12a44a1 (base 14) to base 12
-3021079
-677527 (base 10) to base 5
-133140102
What is 3a4201 (base 15) in base 3?
12021011120201
-57164 (base 9) to base 7
-215632
What is -182a22 (base 12) in base 9?
-708568
Convert -2100112101211 (base 3) to base 4.
-10301103133
Convert -b5736 (base 12) to base 11.
-15271a
What is -4e6656 (base 16) in base 7?
-61446416
What is ab673f (base 16) in base 6?
1040433011
Convert 964ec (base 15) to base 9.
806276
What is -1110010011101110 (base 2) in base 16?
-e4ee
What is -138337a (base 12) in base 8?
-16711116
143262 (base 8) to base 14
14774
Convert 1d66325 (base 14) to base 3.
1000210100000200
211022103 (base 4) to base 2
100101001010010011
-20323333210 (base 4) to base 13
-64052b
What is -135660142 (base 7) in base 15?
-bb88d7
What is 1664303 (base 12) in base 3?
22200020202010
-115520 (base 11) to base 2
-101100101010111110
Convert 100112 (base 8) to base 9.
50041
Convert 14304 (base 12) to base 14.
a340
Convert -211000103 (base 4) to base 12.
-7386b
Convert -1111100110011010110 (base 2) to base 10.
-511190
56699 (base 11) to base 14
21c6d
Convert -4331033 (base 6) to base 13.
-76596
-aa0618 (base 12) to base 15
-383eae
What is 18dbe2 (base 16) in base 11?
a1300a
-12112202210101 (base 3) to base 12
-ba1b84
-45c (base 13) to base 2
-1011110001
Convert 2105344 (base 6) to base 3.
12012100001
a164 (base 12) to base 14
6540
1011001100110010001 (base 2) to base 16
59991
Convert -4303123 (base 5) to base 12.
-35a00
11243421 (base 5) to base 4
121021022
-327c98 (base 13) to base 8
-4421265
What is -8a902d (base 15) in base 12?
-226a244
3006a7 (base 14) to base 7
16503600
Convert 2a2339 (base 16) to base 5.
1201332104
Convert 1432150 (base 7) to base 4.
233011102
Convert 49a9231 (base 11) to base 4.
201022221200
103552453 (base 6) to base 9
3453046
66614 (base 14) to base 5
30420104
What is -13332310313 (base 4) in base 5?
-1013423333
2302110 (base 6) to base 15
24a79
Convert 11111012202122 (base 3) to base 7.
26164550
Convert -133132 (base 6) to base 16.
-3050
Convert -1101100001011110 (base 2) to base 8.
-154136
What is 12001110111 (base 4) in base 10?
1578261
-5173a8 (base 12) to base 14
-25381a
Convert -113481 (base 10) to base 9.
-182600
Convert -52512026 (base 7) to base 10.
-4440155
Convert 65226 (base 15) to base 5.
40233421
What is 224147 (base 9) in base 5?
13244020
What is -365607 (base 10) in base 4?
-1121100213
Convert -8aa98 (base 15) to base 10.
-441143
551755 (base 9) to base 4
1100122310
-4a1573 (base 12) to base 14
-235315
Convert 1000111001100110100 (base 2) to base 7.
2323152
What is 20020200211 (base 3) in base 4?
132001210
What is -1621640 (base 10) in base 13?
-44a167
What is 2530067 (base 9) in base 10?
1377871
What is 10110010100110000101011 (base 2) in base 12?
1b62837
What is 270c5 (base 16) in base 6?
3232245
Convert -3a6a50 (base 11) to base 16.
-9bf5e
Convert 100010010000011110011 (base 2) to base 15.
172917
What is -3774494 (base 10) in base 14?
-70378a
What is -5032155 (base 12) in base 4?
-321031011101
Convert -1110010000110100 (base 2) to base 9.
-88121
Convert 1001101011011100101100 (base 2) to base 11.
1483310
Convert -3466112 (base 10) to base 9.
-6462545
What is 10111101000010110 (base 2) in base 4?
113220112
3102057 (base 11) to base 12
1a024a2
What is 1962c07 (base 14) in base 12?
4280573
What is 1222102222200 (base 3) in base 7?
11640606
Convert -2531424 (base 6) to base 4.
-201110020
What is -12113103 (base 4) in base 2?
-110010111010011
Convert -58d7 (base 15) to base 3.
-221220011
Convert 1011111010001011101110 (base 2) to base 4.
23322023232
Convert 11210310112 (base 4) to base 7.
15265003
-1286808 (base 9) to base 13
-1b9aa0
What is -52165517 (base 8) in base 9?
-22742518
310110202 (base 5) to base 6
42512350
What is 157259 (base 12) in base 15?
73210
Convert 1123031231 (base 4) to base 16.
5b36d
-49809 (base 14